{"id":62,"date":"2026-02-19T17:54:46","date_gmt":"2026-02-19T17:54:46","guid":{"rendered":"https:\/\/madleina.ch\/wordpress\/?page_id=62"},"modified":"2026-02-21T19:44:41","modified_gmt":"2026-02-21T18:44:41","slug":"angebot","status":"publish","type":"page","link":"https:\/\/madleina.ch\/wordpress\/angebot\/","title":{"rendered":"Angebot"},"content":{"rendered":"\n<div class=\"wp-block-media-text has-media-on-the-right is-stacked-on-mobile\"><div class=\"wp-block-media-text__content\">\n<p><strong>Musikalische Gestaltung von Gottesdiensten<br><\/strong>Als Organistin, S\u00e4ngerin und Pianistin gestalte ich Gottesdienste kreativ und doch formgerecht. Auch Festgottesdienste wie Trauungen, Taufen oder Trauerfeiern.<br>Dabei verbinde ich meine kirchenmusikalische Erfahrung mit meiner Leidenschaft f\u00fcr unterschiedliche Musikstile.<br>Ob klassisch gepr\u00e4gt, modern oder mit jazzigen Elementen: Die Musik soll den Raum tragen und den liturgischen Moment vertiefen.<br><br><strong>Besondere Anl\u00e4sse<br><\/strong>Auch f\u00fcr private Feiern und Firmenevents stelle ich gerne das passende Repertoire zusammen, um einen festlichen und pers\u00f6nlichen Rahmen zu schaffen.&nbsp;<br>Auf Wunsch entwerfe ich auch ein stimmiges Gesamtkonzept f\u00fcr die musikalische Gestaltung eines Festgottesdienstes und der anschliessenden privaten Feier. Dabei gehe ich auch auf individuelle Musikw\u00fcnsche ein.&nbsp;<br><br><strong>Oder m\u00f6chtest du auch mitsingen?<br><\/strong>Ob mit deiner Familie, Freundesgruppe oder im Team \u2013 gerne studiere ich mit euch passende Lieder ein, mit denen ihr an eurem Anlass f\u00fcr eine musikalische \u00dcberraschung sorgen k\u00f6nnt.&nbsp;<\/p>\n\n\n\n<p>Ich freue mich \u00fcber deine Anfrage via: <br>info(at)madleina.ch<\/p>\n<\/div><figure class=\"wp-block-media-text__media\"><img loading=\"lazy\" decoding=\"async\" width=\"771\" height=\"1024\" src=\"https:\/\/madleina.ch\/wordpress\/wp-content\/uploads\/2026\/02\/Klavier-CW-klein-771x1024.jpg\" alt=\"\" class=\"wp-image-105 size-full\" srcset=\"https:\/\/madleina.ch\/wordpress\/wp-content\/uploads\/2026\/02\/Klavier-CW-klein-771x1024.jpg 771w, https:\/\/madleina.ch\/wordpress\/wp-content\/uploads\/2026\/02\/Klavier-CW-klein-226x300.jpg 226w, https:\/\/madleina.ch\/wordpress\/wp-content\/uploads\/2026\/02\/Klavier-CW-klein-768x1021.jpg 768w, https:\/\/madleina.ch\/wordpress\/wp-content\/uploads\/2026\/02\/Klavier-CW-klein.jpg 1076w\" sizes=\"auto, (max-width: 771px) 100vw, 771px\" \/><\/figure><\/div>\n","protected":false},"excerpt":{"rendered":"<p>Musikalische Gestaltung von GottesdienstenAls Organistin, S\u00e4ngerin und Pianistin gestalte ich Gottesdienste kreativ und doch formgerecht. Auch Festgottesdienste wie Trauungen, Taufen [&hellip;]<\/p>\n","protected":false},"author":1,"featured_media":0,"parent":0,"menu_order":0,"comment_status":"closed","ping_status":"closed","template":"","meta":{"footnotes":""},"class_list":["post-62","page","type-page","status-publish","hentry"],"_links":{"self":[{"href":"https:\/\/madleina.ch\/wordpress\/wp-json\/wp\/v2\/pages\/62","targetHints":{"allow":["GET"]}}],"collection":[{"href":"https:\/\/madleina.ch\/wordpress\/wp-json\/wp\/v2\/pages"}],"about":[{"href":"https:\/\/madleina.ch\/wordpress\/wp-json\/wp\/v2\/types\/page"}],"author":[{"embeddable":true,"href":"https:\/\/madleina.ch\/wordpress\/wp-json\/wp\/v2\/users\/1"}],"replies":[{"embeddable":true,"href":"https:\/\/madleina.ch\/wordpress\/wp-json\/wp\/v2\/comments?post=62"}],"version-history":[{"count":6,"href":"https:\/\/madleina.ch\/wordpress\/wp-json\/wp\/v2\/pages\/62\/revisions"}],"predecessor-version":[{"id":117,"href":"https:\/\/madleina.ch\/wordpress\/wp-json\/wp\/v2\/pages\/62\/revisions\/117"}],"wp:attachment":[{"href":"https:\/\/madleina.ch\/wordpress\/wp-json\/wp\/v2\/media?parent=62"}],"curies":[{"name":"wp","href":"https:\/\/api.w.org\/{rel}","templated":true}]}}